f 209380?
True
Is 321 a factor of 876972?
True
Is 8549215 a multiple of 29?
False
Does 7 divide 55370?
True
Is 2607593 a multiple of 14?
False
Is 351 a factor of 268047?
False
Is 277819 a multiple of 11?
False
Is 5 a factor of 100825?
True
Is 8899847 a multiple of 1843?
True
Is 18415290 a multiple of 6?
True
Is 41 a factor of 96231?
False
Is 4399584 a multiple of 48?
True
Is 11 a factor of 574790?
False
Is 37116 a multiple of 112?
False
Is 52 a factor of 286499?
False
Is 3 a factor of 133431?
True
Does 45 divide 124695?
True
Is 21 a factor of 3771033?
True
Does 9 divide 1506420?
True
Is 377742 a multiple of 157?
True
Is 3 a factor of 420052?
False
Does 15 divide 379845?
True
Is 155 a factor of 3268678?
False
Does 75 divide 718172?
False
Is 14 a factor of 9470160?
True
Does 4 divide 48484?
True
Is 248340 a multiple of 30?
True
Is 37 a factor of 1006692?
False
Is 189074 a multiple of 1139?
True
Is 1926180 a multiple of 180?
True
Is 684 a factor of 3440520?
True
Is 944262 a multiple of 209?
True
Is 4472000 a multiple of 32?
True
Does 91 divide 1865639?
False
Is 850544 a multiple of 27?
False
Is 1182006 a multiple of 159?
True
Is 202 a factor of 1025992?
False
Is 3027838 a multiple of 844?
False
Is 8755423 a multiple of 1829?
True
Does 14 divide 1166924?
False
Is 8 a factor of 15731776?
True
Is 368 a factor of 4123566?
False
Does 15 divide 9166335?
True
Is 543396 a multiple of 42?
True
Is 29 a factor of 91727?
True
Is 1985787 a multiple of 44?
False
Is 1187667 a multiple of 6?
False
Is 9357 a multiple of 26?
False
Does 3 divide 411019?
False
Is 766 a factor of 693996?
True
Does 43 divide 839790?
True
Does 349 divide 227756?
False
Is 145 a factor of 5175561?
False
Is 189751 a multiple of 39?
False
Is 199 a factor of 287953?
True
Does 115 divide 125235?
True
Does 297 divide 168399?
True
Does 55 divide 101860?
True
Does 9 divide 1133820?
True
Does 288 divide 377856?
True
Is 1790703 a multiple of 201?
False
Is 9 a factor of 830960?
False
Does 5 divide 97260?
True
Is 346 a factor of 86154?
True
Is 22 a factor of 201542?
True
Is 41 a factor of 482693?
True
Is 19 a factor of 157064?
False
Does 1117 divide 10681871?
True
Does 25 divide 207321?
False
Is 11 a factor of 23836054?
True
Does 37 divide 54490?
False
Is 174683 a multiple of 429?
False
Is 11 a factor of 240361?
True
Is 259269 a multiple of 464?
False
Does 132 divide 4421736?
True
Does 60 divide 1655940?
True
Does 607 divide 214878?
True
Is 30 a factor of 1439258?
False
Does 19 divide 1069288?
False
Does 183 divide 956582?
False
Is 1038225 a multiple of 18?
False
Is 101774 a multiple of 151?
True
Does 11 divide 63140?
True
Is 8 a factor of 3442496?
True
Is 12 a factor of 3938820?
True
Is 29 a factor of 6559336?
True
Is 2441058 a multiple of 6?
True
Is 26 a factor of 3318739?
False
Does 17 divide 910092?
False
Is 1264091 a multiple of 48?
False
Is 357344 a multiple of 16?
True
Does 21 divide 115789?
False
Is 2153946 a multiple of 248?
False
Does 137 divide 190585?
False
Is 11443 a multiple of 9?
False
Does 24 divide 79154?
False
Does 24 divide 8952?
True
Is 101 a factor of 174411?
False
Is 201 a factor of 15075?
True
Is 106 a factor of 2775547?
False
Does 285 divide 164071?
False
Does 51 divide 427475?
False
Does 189 divide 175581?
True
Is 22 a factor of 604142?
True
Does 90 divide 121774?
False
Does 224 divide 9313363?
False
Is 10 a factor of 8650?
True
Does 101 divide 4654181?
True
Is 15681 a multiple of 6?
False
Is 27 a factor of 1145718?
True
Is 215448 a multiple of 24?
True
Is 68 a factor of 1191088?
True
Is 249 a factor of 64491?
True
Is 344588 a multiple of 172?
False
Does 287 divide 522053?
True
Does 248 divide 328600?
True
Does 367 divide 271580?
True
Does 15 divide 119762?
False
Is 32 a factor of 9372160?
True
Is 4697598 a multiple of 89?
True
Does 8 divide 205416?
True
Is 345304 a multiple of 68?
True
Is 44469 a multiple of 81?
True
Is 471 a multiple of 157?
True
Is 24 a factor of 14280?
True
Is 265 a factor of 36750?
False
Is 26 a factor of 2750878?
True
Is 456 a factor of 776785?
False
Is 5266799 a multiple of 23?
False
Is 11 a factor of 4650726?
False
Is 5 a factor of 48823?
False
Does 22 divide 164956?
True
Is 251 a factor of 82086?
False
Is 4098753 a multiple of 28?
False
Does 8 divide 238535?
False
Does 217 divide 1323655?
False
Is 170 a factor of 280303?
False
Is 564 a factor of 190632?
True
Is 1151723 a multiple of 26?
False
Is 4003177 a multiple of 17?
True
Does 183 divide 1013820?
True
Is 357415 a multiple of 24?
False
Is 74 a factor of 510748?
True
Is 337140 a multiple of 22?
False
Is 6 a factor of 80062?
False
Is 28 a factor of 5332943?
False
Is 7 a factor of 2255392?
False
Is 114 a factor of 335958?
True
Is 295 a factor of 90860?
True
Does 9 divide 35082?
True
Does 1500 divide 4536139?
False
Is 140126 a multiple of 65?
False
Is 22 a factor of 921184?
True
Is 36 a factor of 2422829?
False
Does 198 divide 363132?
True
Is 48 a factor of 3520992?
True
Is 3160116 a multiple of 164?
True
Is 40370 a multiple of 83?
False
Does 196 divide 7496608?
True
Does 6 divide 4620289?
False
Is 18550 a multiple of 14?
True
Is 863791 a multiple of 50?
False
Is 41003 a multiple of 6?
False
Is 3909009 a multiple of 1067?
False
Does 18 divide 694062?
True
Does 110 divide 357302?
False
Is 379200 a multiple of 40?
True
Does 96 divide 1493760?
True
Is 459910 a multiple of 10?
True
Is 6615 a multiple of 5?
True
Is 78 a factor of 301080?
True
Does 8 divide 1151272?
True
Is 3450688 a multiple of 244?
False
Is 36400 a multiple of 70?
True
Is 63376 a multiple of 24?
False
Is 316747 a multiple of 73?
True
Is 3949385 a multiple of 233?
False
Does 275 divide 2072258?
False
Is 522368 a multiple of 56?
True
Is 382115 a multiple of 21?
False
Does 898 divide 8857272?
False
Is 298 a factor of 2154540?
True
Does 131 divide 1568856?
True
Is 21 a factor of 2415?
True
Is 82725 a multiple of 4?
False
Does 6 divide 366945?
False
Is 1738170 a multiple of 186?
True
Is 212 a factor of 116176?
True
Is 13 a factor of 28145?
True
Does 27 divide 4491909?
True
Does 383 divide 1128055?
False
Does 17 divide 434928?
True
Is 453 a factor of 4416297?
True
Is 79 a factor of 27650?
True
Is 2 a factor of 671479?
False
Does 108 divide 2908008?
True
Does 86 divide 5153996?
False
Is 136 a factor of 7716924?
False
Is 3534193 a multiple of 186?
False
Does 558 divide 407812?
False
Is 126171 a multiple of 27?
True
Is 32 a factor of 165984?
True
Does 9 divide 1042650?
True
Does 949 divide 4956627?
True
Is 200 a factor of 516600?
True
Is 90 a factor of 86276?
False
Is 213 a factor of 145648?
False
Is 3 a factor of 80096?
False
Is 203931 a multiple of 79?
False
Does 89 divide 526755?
False
Is 305341 a multiple of 143?
False
Does 7 divide 953673?
True
Does 147 divide 3366884?
False
Is 217 a factor of 90489?
True
Is 143969 a multiple of 733?
False
Does 74 divide 959479?
False
Is 26 a factor of 49998?
True
Is 464 a factor of 9436832?
True
Does 53 divide 368403?
True
Is 2229278 a multiple of 7?
False
Is 2315461 a multiple of 660?
False
Is 47 a factor of 113505?
True
Is 215720 a multiple of 5?
True
Does 17 divide 157610?
False
Is 30908 a multiple of 104?
False
Does 413 divide 263848?
False
Does 2 divide 524972?
True
Does 18 divide 4786434?
True
Is 76 a factor of 2713960?
True
Is 77 a factor of 1592569?
False
Is 6 a factor of 60594?
True
Is 8 a factor of 19128?
True
Does 26 divide 130643?
False
Is 38 a factor of 266190?
True
Is 543 a factor of 679118?
False
Does 152 divide 6070802?
False
Does 29 divide 3358287?
True
Is 804389 a multiple of 19?
False
Is 156960 a multiple of 48?
True
Is 53 a factor of 70038?
False
Does 817 divide 14958716?
False
Is 607552 a multiple of 16?
True
Is 98 a factor of 475321?
False
Is 55 a factor of 83545?
True
Is 1157947 a multiple of 43?
True
Does 482 divide 2676546?
True
Is 32224307 a multiple of 14?
False
Does 62 divide 4034450?
False
Is 22 a factor of 30817?
False
Is 503729 a multiple of 4?
False
Is 33695 a multiple of 293?
True
Is 72983 a multiple of 59?
True
Is 428152 a multiple of 4?
True
Is 100 a factor of 259749?
False
Is 17 a factor of 559385?
True
Does 211 divide 80391?
True
Does 18 divide 808848?
True
Is 308088 a multiple of 72?
True
Is 1408800 a multiple of 15?
True
Is 1480700 a multiple of 884?
True
Is 7229